 What is the units digit of b?
2
Suppose v = 4 - 2, 2*l - 38 = -3*v. Suppose 0 = 2*s - 4*n - l, 5*n + 54 - 14 = 5*s. Suppose 17 + s = 5*d. What is the units digit of d?
5
Suppose -5*w = 0, 0*r + 3*w = 2*r + 14. Let z(p) = p**2 + 8*p + 9. Let c be z(r). Let x(l) = 2*l**3 - 2*l**2 - 2*l + 3. What is the units digit of x(c)?
7
Suppose -3*y - 5 - 7 = -4*c, 4*y = -4*c + 12. Suppose y = 3*g - 5*g + 18. What is the units digit of g?
9
Let d(p) = p**3 - p**2 + p - 1. Let n = 6 - 4. Let z be d(n). What is the units digit of (-2)/z - (-36)/15?
2
Let g = 75 - 46. Suppose -4*v = 5 - g. Suppose 0 = -4*x - v*z + z + 17, -5*z + 2 = -x. What is the units digit of x?
3
Let s be -1 - (-16)/(-4)*2. What is the tens digit of 14 + (-2)/((-6)/s)?
1
Let x(v) = -v**3 - v + 10. What is the tens digit of x(0)?
1
Let z(s) = -s**3 - 2*s**2 + 2*s - 2. Let f(u) = 17*u**2 + u. Let w be f(1). Let h be (-6)/(-27) + (-58)/w. What is the units digit of z(h)?
1
Let p be 3/2 + (-5)/2. What is the units digit of 1 - (p - 1) - 1?
2
Suppose 4*v = 3*t - 7 - 120, -5*t - 3*v + 202 = 0. What is the units digit of t?
1
Let f = 6 - 12. What is the units digit of (2/f)/(3/(-18))?
2
Suppose 0 = 8*v - 4*v. Suppose -f + 43 = -v*q + 3*q, q - 3*f - 21 = 0. What is the units digit of q?
5
Let a(w) = 5*w - 4. Let k(i) = i - 1. Let r be 9/3 - (-1 - 0). Let o(c) = r*k(c) - a(c). What is the units digit of o(-8)?
8
Suppose 4*r - 45 = 5*w, 4*r - 18 = -w - 3. Suppose -r*i + 106 + 29 = 0. What is the units digit of i?
7
Let h(f) = -100*f - 7. What is the tens digit of h(-3)?
9
Let l(u) = -u + 1. Suppose 4*q = 4*y - 8, q + 2 = 2*y - 0*y. Let a be l(q). Suppose 0 = a*w - 0*g + 2*g - 58, 4*g - 56 = -3*w. What is the units digit of w?
0
Let y = 239 - 159. What is the units digit of y?
0
Suppose -5*w - 138 = -3. Let h = 42 + w. What is the tens digit of h?
1
Let j(h) = -h**2 - 3*h + 4. Let m be j(-5). Let b = m - -8. Suppose 2*r = b*w + 38, -4*w = -r - 8*w + 19. What is the tens digit of r?
1
Suppose 4*h - 3*v = -77, -3*h - v + 3*v - 57 = 0. Let a = 43 + h. What is the tens digit of a?
2
Suppose -s + d + 4 = 4*s, 12 = -3*d. Suppose s = 4*b - 12, -10 = 3*a - 4*a - b. Suppose 3*w = a*w - 12. What is the units digit of w?
3
What is the tens digit of 99/12*32/6?
4
Suppose x + 18 = 4*z, 4*x - 2*x = z - 1. Suppose z*j = -y + 44, 5*j + 4*y - 24 = 4*j. What is the units digit of (-2)/j - 17/(-4)?
4
Let x(r) = -r**2 - 6*r + 8. Let i be x(-7). Suppose -i = -c + 2. Suppose n + c*n = 20. What is the units digit of n?
5
Let j(n) be the second derivative of -n**3/3 + 2*n**2 - 13*n. Let w(q) = -q - 1. Let x be w(4). What is the units digit of j(x)?
4
Suppose -327 = 8*v - 9*v + 5*a, 5*v - 1606 = -4*a. What is the hundreds digit of v?
3
Let y(z) = -z - 4. Let i(s) = 6*s**3 - 2*s**2 - 2*s**3 - 1 + s**3 - 2*s. Let d be i(-1). What is the units digit of y(d)?
2
Let r be 4/10*50/1. Suppose -5*k + 6*k - r = 0. What is the tens digit of k?
2
Let y(s) = s**3 - 2*s**2 - 6*s + 1. Let c be y(4). Suppose 2*j - c = j. What is the units digit of j?
9
Let u = 94 + -55. Suppose 0*v + u = 3*v. Let w = v - 7. What is the units digit of w?
6
Let c be (-6)/21 + (-18)/(-14). Suppose -11*t = -6*t - 10. Let b = t - c. What is the units digit of b?
1
Let q = -10 - -7. Let w be q - (4 + -3 + -7). Suppose -d + 8*h = w*h + 10, -11 = -d - 2*h. What is the units digit of d?
5
Let c(w) = -3*w**2 + 4*w - 3. Let t(l) = -10*l**2 + 13*l - 10. Let y(d) = -7*c(d) + 2*t(d). Let h be y(-2). Let n = h + -1. What is the units digit of n?
8
Suppose 4*r = -0*r + 396. Suppose -16 = -o + u + 7, -4*o = 3*u - r. What is the units digit of o?
4
Let q(j) = 7*j**2. Let n be q(-1). Suppose -10 = -0*c + 2*c. What is the units digit of n + (c + 3)/(-2)?
8
Let h(b) = -b. Let g be h(0). Let t(d) = d + 4. What is the units digit of t(g)?
4
Let i(h) = 12*h**2 + 2*h. Let u be i(-1). Let a = u - -30. What is the units digit of a?
0
What is the units digit of (-1)/(-2)*(-4 - -20)?
8
Let a = 47 - 30. What is the units digit of a?
7
Suppose -7*r + 2*r + 25 = 0, 4*j - 2*r = 2. What is the units digit of -2 + j + 0 + 2?
3
Suppose 13*a - 6340 + 1283 = 0. What is the hundreds digit of a?
3
Let m be 1*-2*(5 + -3). Suppose 5*l = -4*i - 5 - 3, 4*i = 3*l - 8. What is the units digit of ((-2)/i)/(m/(-12))?
3
Let o(g) = g**3 - 2*g**2 - 12*g + 2. What is the units digit of o(7)?
3
Let p = 113 + -56. What is the tens digit of p?
5
Let j(l) = 2*l + 3. Let k(t) = 4*t + 6. Let z(d) = -13*j(d) + 6*k(d). Let b be z(4). What is the units digit of (-3)/2 - b/2?
4
Let y(c) = 2*c**3 - 6*c - 2*c**3 - 6 + c**3 - 3*c**2 + 0*c**2. What is the tens digit of y(5)?
1
Let l be (6/(-3))/((-4)/(-54)). Let k = l + 45. What is the units digit of k?
8
Suppose 3*k - 2*d = -3*d + 10, 0 = 5*d - 5. What is the units digit of k?
3
Suppose 5*j + 176 = 9*j. What is the units digit of j?
4
Let z = 6 - 10. Let x(b) = -b - 1. Let v be x(2). What is the units digit of z/v - (-4)/6?
2
Let h(i) = -14 + 3*i**2 - 2*i**2 + 8*i + 4 + 0*i. What is the tens digit of h(-11)?
2
Let u(s) = s**2 - 3*s + 1. Let j be u(5). Let p = 4 + j. What is the tens digit of p?
1
Suppose 3*a = -3 - 3. What is the tens digit of -4 + a + 4 + 22?
2
Let t be ((-6)/(-5))/(2/5). Suppose -64 = 4*w + 5*m, -3*w - 48 = t*m - 4*m. Let h = 28 + w. What is the tens digit of h?
1
Suppose -53 + 3 = -5*f. Suppose f = -2*y + 3*y. What is the tens digit of y?
1
Suppose -3*r + 584 = -r. What is the tens digit of r?
9
Let j(n) = 6*n**2 - 5*n - 13. What is the tens digit of j(6)?
7
What is the tens digit of (25 - 26)*(-41)/1?
4
What is the units digit of 3 + (-1)/((-4)/12)?
6
What is the units digit of (9 + -49)*(-4)/5?
2
Let q(o) = o**3 - o - 2*o**3 - 2*o - 5*o**2 + 4 + 1. What is the units digit of q(-4)?
1
Suppose 0 = -2*a - 6 - 0. Let j be -4*(2 + a/6). What is the units digit of 3/(-2)*8/j?
2
Let d(h) = 1. Let v(y) = -2*y - 7. Let j(r) = 4*d(r) + v(r). What is the units digit of j(-3)?
3
Let p = 5 + -5. Let c be 2/(-4)*-4 - -2. Suppose p*t = 4*t + c*r - 28, 0 = 4*t + 2*r - 24. What is the units digit of t?
5
Let x = -28 - -59. Suppose x + 3 = 2*s. What is the tens digit of s?
1
Let f = -128 - -135. What is the units digit of f?
7
Let t = 172 - 89. What is the units digit of t?
3
Let u(j) = 6*j**3 - j**2 - j + 1. Let q be u(1). Let b(o) = o**3 - 2*o**2 - 9*o - 6. What is the units digit of b(q)?
4
Let v be 9*-2*3/18. Suppose -3*u + f + 13 = 0, 4*f = u + u + 8. Let z = v + u. What is the units digit of z?
3
Let j(k) be the third derivative of k**5/60 - 5*k**4/24 - k**3/6 - 3*k**2. What is the units digit of j(6)?
5
Suppose 217 = 4*u - 3. What is the units digit of u?
5
Suppose -309 = 26*l - 29*l. What is the hundreds digit of l?
1
Suppose -2*b + 3*v = -109, -201 - 10 = -3*b - 5*v. Let h = -43 + b. What is the tens digit of h?
1
Let d(j) = j + 3. What is the units digit of d(0)?
3
Suppose 19*g = 25*g - 198. What is the units digit of g?
3
Suppose 3*p = -0*p + 60. Suppose 3*h = 32 + 22. Suppose 2*j = p + h. What is the units digit of j?
9
Let n be (-10)/(-8)*(21 + 3). Suppose 65 + n = 5*x. Let a = x + -10. What is the units digit of a?
9
Suppose n = -f + 1, -n + 3 = 3*f + 2. Suppose f = 3*u - 5 - 73. What is the units digit of u?
6
Let y be -9*(14/(-6) + 2). Suppose -y*j + 49 + 38 = 0. What is the tens digit of j/3 - 2/(-6)?
1
Suppose 37 = -5*y + 92. Suppose -7*x = -y*x + 36. What is the units digit of x?
9
Suppose 0*i - 3*i = -3*x + 12, 0 = 2*x - 8. Suppose -b + 5*l + 5 = l, i = -5*l - 5. What is the units digit of b?
1
Suppose -3*d - 49 = -0*d - 5*z, 2*d = 3*z - 31. What is the units digit of 4/(-16) + (-146)/d?
8
Let u(p) = -p + 5. Let s(g) = -g + 6. Let x(j) = -5*s(j) + 6*u(j). Let r = 3 - 14. What is the units digit of x(r)?
1
Suppose 6 = 3*r - r. Suppose 35 = r*q + 2*q. Suppose -5*o - 5 = 5*z, z - q = -0*o - 3*o. What is the units digit of o?
4
Suppose -3*n + z - 1 = -4, -9 = 5*n + 3*z. Suppose -6*y + 2*y - 48 = n. What is the units digit of y/(-20)*(4 - -1)?
3
Let t = 153 + -72. What is the units digit of t?
1
What is the tens digit of (10 - 24)/((-4)/14)?
4
Let n(c) = -36*c + 16. What is the units digit of n(-7)?
8
Let o(x) be the second derivative of -x**5/20 - x**4/3 - x**3/2 + 3*x**2/2 - 2*x. Let w(r) = -r + 1. Let c be w(4). What is the units digit of o(c